{"id":26,"date":"2026-05-06T19:57:25","date_gmt":"2026-05-06T19:57:25","guid":{"rendered":"https:\/\/bo-unterwegs.ch\/?page_id=26"},"modified":"2026-05-09T23:06:57","modified_gmt":"2026-05-09T23:06:57","slug":"startseite","status":"publish","type":"page","link":"https:\/\/bo-unterwegs.ch\/","title":{"rendered":"Home"},"content":{"rendered":"\n<p><\/p>\n\n\n\n<div class=\"wp-block-cover\" style=\"min-height:763px;aspect-ratio:unset;\"><img loading=\"lazy\" decoding=\"async\" width=\"1024\" height=\"683\" class=\"wp-block-cover__image-background wp-image-59 size-large\" alt=\"\" src=\"https:\/\/bo-unterwegs.ch\/wp-content\/uploads\/2026\/05\/Startseite-Brunnen-Rocky-3-1024x683.png\" data-object-fit=\"cover\" srcset=\"https:\/\/bo-unterwegs.ch\/wp-content\/uploads\/2026\/05\/Startseite-Brunnen-Rocky-3-1024x683.png 1024w, https:\/\/bo-unterwegs.ch\/wp-content\/uploads\/2026\/05\/Startseite-Brunnen-Rocky-3-300x200.png 300w, https:\/\/bo-unterwegs.ch\/wp-content\/uploads\/2026\/05\/Startseite-Brunnen-Rocky-3-768x512.png 768w, https:\/\/bo-unterwegs.ch\/wp-content\/uploads\/2026\/05\/Startseite-Brunnen-Rocky-3.png 1536w\" sizes=\"auto, (max-width: 1024px) 100vw, 1024px\" \/><span aria-hidden=\"true\" class=\"wp-block-cover__background has-background-dim-0 has-background-dim\" style=\"background-color:#8b7c63\"><\/span><div class=\"wp-block-cover__inner-container is-layout-constrained wp-block-cover-is-layout-constrained\">\n<p><\/p>\n\n\n\n<p><\/p>\n\n\n\n<h2 class=\"wp-block-heading\" style=\"font-size:45px;font-style:normal;font-weight:500;line-height:1\">Bed\u00fcrfnisorientiert <\/h2>\n\n\n\n<p style=\"font-size:45px;line-height:0\"><mark style=\"background-color:rgba(0, 0, 0, 0)\" class=\"has-inline-color has-theme-palette-9-color\">unterwegs mit<\/mark><\/p>\n\n\n\n<p style=\"font-size:45px;line-height:1\"><mark style=\"background-color:rgba(0, 0, 0, 0)\" class=\"has-inline-color has-theme-palette-4-color\">Hund und Mensch<\/mark><\/p>\n\n\n\n<p style=\"line-height:0\">Verhaltensberatung f\u00fcr Hunde \u2013 <\/p>\n\n\n\n<p style=\"line-height:0\">individuell, achtsam und alltagsnah.<\/p>\n\n\n\n<div class=\"wp-block-buttons is-layout-flex wp-block-buttons-is-layout-flex\">\n<div class=\"wp-block-button is-style-fill\"><a class=\"wp-block-button__link wp-element-button\" href=\"https:\/\/bo-unterwegs.ch\/?page_id=28\">Mehr \u00fcber bo-unterwegs<\/a><\/div>\n<\/div>\n<\/div><\/div>\n\n\n\n<div class=\"wp-block-columns is-layout-flex wp-container-core-columns-is-layout-9d6595d7 wp-block-columns-is-layout-flex\">\n<div class=\"wp-block-column is-layout-flow wp-block-column-is-layout-flow\" style=\"flex-basis:40%\">\n<figure class=\"wp-block-image size-large\"><img loading=\"lazy\" decoding=\"async\" width=\"1024\" height=\"808\" src=\"https:\/\/bo-unterwegs.ch\/wp-content\/uploads\/2026\/05\/Angela-mit-Rocky-baby-1024x808.png\" alt=\"\" class=\"wp-image-78\" srcset=\"https:\/\/bo-unterwegs.ch\/wp-content\/uploads\/2026\/05\/Angela-mit-Rocky-baby-1024x808.png 1024w, https:\/\/bo-unterwegs.ch\/wp-content\/uploads\/2026\/05\/Angela-mit-Rocky-baby-300x237.png 300w, https:\/\/bo-unterwegs.ch\/wp-content\/uploads\/2026\/05\/Angela-mit-Rocky-baby-768x606.png 768w, https:\/\/bo-unterwegs.ch\/wp-content\/uploads\/2026\/05\/Angela-mit-Rocky-baby.png 1412w\" sizes=\"auto, (max-width: 1024px) 100vw, 1024px\" \/><\/figure>\n<\/div>\n\n\n\n<div class=\"wp-block-column is-layout-flow wp-block-column-is-layout-flow\" style=\"flex-basis:66.66%\">\n<h2 class=\"wp-block-heading\">\u00dcber mich<\/h2>\n\n\n\n<p class=\"has-text-color has-link-color wp-elements-88433bd50e7962711357b4392673bda7\" style=\"color:#7e6958\">Bed\u00fcrfnisorientierte Verhaltensberatung bedeutet f\u00fcr mich, Hunde und Menschen ganzheitlich zu begleiten \u2013 individuell, achtsam und alltagsnah.<\/p>\n\n\n\n<p class=\"has-text-color has-link-color wp-elements-ea7764755a64efe3062f004b84499d24\" style=\"color:#7e6958\">Mir ist wichtig, Verhalten nicht isoliert zu betrachten, sondern den Alltag, die Bed\u00fcrfnisse und die Beziehung zwischen Mensch und Hund miteinzubeziehen.<\/p>\n\n\n\n<p class=\"has-text-color has-link-color wp-elements-de50930095508b7378bf1b467e24faa1\" style=\"color:#7e6958\">Ich begleite Teams achtsam und bed\u00fcrfnisorientiert \u2013 mit Verst\u00e4ndnis, Ruhe und einem Blick auf das Ganze.<\/p>\n\n\n\n<h2 class=\"wp-block-heading\">Angebot<\/h2>\n<\/div>\n<\/div>\n\n\n\n<div class=\"wp-block-columns is-layout-flex wp-container-core-columns-is-layout-9d6595d7 wp-block-columns-is-layout-flex\">\n<div class=\"wp-block-column is-layout-flow wp-block-column-is-layout-flow\">\n<h2 class=\"wp-block-heading\">Verhalten verstehen<\/h2>\n\n\n\n<p class=\"has-text-color has-link-color wp-elements-08945bac26498f0798363a0493d70b2f\" style=\"color:#7e6958\">Hunde zeigen Verhalten nicht grundlos. Was uns herausfordert, ist oft Ausdruck von Bed\u00fcrfnissen, Emotionen oder inneren Konflikten.<\/p>\n<\/div>\n\n\n\n<div class=\"wp-block-column is-layout-flow wp-block-column-is-layout-flow\">\n<h2 class=\"wp-block-heading\">Individuelle Begleitung<\/h2>\n\n\n\n<p class=\"has-text-color has-link-color wp-elements-64b1a04a5af9089452d6e70a514ae4ca\" style=\"color:#7e6958\">Da jedes Hund-Mensch-Team einzigartig ist, finden meine Lektionen ausschliesslich einzeln statt \u2013 achtsam und individuell.<\/p>\n<\/div>\n\n\n\n<div class=\"wp-block-column is-layout-flow wp-block-column-is-layout-flow\">\n<h2 class=\"wp-block-heading\">Alltag &amp; Beziehung<\/h2>\n\n\n\n<p class=\"has-text-color has-link-color wp-elements-e542bcaf99af819d1984c88a3f546949\" style=\"color:#7e6958\">Gemeinsam st\u00e4rken wir Verst\u00e4ndnis, Sicherheit und Vertrauen im gemeinsamen Alltag.<\/p>\n<\/div>\n<\/div>\n\n\n\n<h2 class=\"wp-block-heading\">Gemeinsam unterwegs<\/h2>\n\n\n\n<p class=\"has-text-color has-link-color wp-elements-ef5b81f33bbb007ef9662f631d50d97f\" style=\"color:#7e6958\">Ich begleite euch gerne auf eurem gemeinsamen Weg \u2013 achtsam, individuell und bed\u00fcrfnisorientiert.<\/p>\n\n\n\n<div class=\"wp-block-buttons is-layout-flex wp-block-buttons-is-layout-flex\">\n<div class=\"wp-block-button\"><a class=\"wp-block-button__link wp-element-button\" href=\"https:\/\/bo-unterwegs.ch\/?page_id=40\">Kontakt aufnehmen<\/a><\/div>\n<\/div>\n\n\n\n<div class=\"wp-block-group\"><div class=\"wp-block-group__inner-container is-layout-constrained wp-block-group-is-layout-constrained\">\n<div class=\"wp-block-group\"><div class=\"wp-block-group__inner-container is-layout-constrained wp-block-group-is-layout-constrained\"><\/div><\/div>\n<\/div><\/div>\n\n\n\n<h2 class=\"wp-block-heading\">Impulse<\/h2>\n\n\n\n<p class=\"has-text-color has-link-color wp-elements-8f9bf442a573cc464d98fade8652f08d\" style=\"color:#7e6958\">Gedanken, Beobachtungen und Impulse rund um das Zusammenleben von Mensch und Hund.<\/p>\n\n\n\n<div class=\"wp-block-buttons is-layout-flex wp-block-buttons-is-layout-flex\">\n<div class=\"wp-block-button\"><a class=\"wp-block-button__link wp-element-button\" href=\"https:\/\/bo-unterwegs.ch\/?page_id=36\">Zum Blog<\/a><\/div>\n<\/div>\n\n\n\n<div class=\"wp-block-group\"><div class=\"wp-block-group__inner-container is-layout-constrained wp-block-group-is-layout-constrained\">\n<h2 class=\"wp-block-heading\">Kontakt aufnehmen<\/h2>\n\n\n\n<p class=\"has-text-color has-link-color wp-elements-8a359cef53a62b153ef0047e2be93601\" style=\"color:#7e6958\">Ich freue mich darauf, euch und euren Hund kennenzulernen.<\/p>\n\n\n\n<p class=\"has-text-color has-link-color wp-elements-70576f968aa123e25043c1bd68c88053\" style=\"color:#7e6958\">Wenn ihr Fragen habt oder euch eine achtsame Begleitung w\u00fcnscht, d\u00fcrft ihr euch gerne bei mir melden.<\/p>\n<\/div><\/div>\n\n\n\n<div class=\"wp-block-buttons is-layout-flex wp-block-buttons-is-layout-flex\">\n<div class=\"wp-block-button\"><a class=\"wp-block-button__link wp-element-button\" href=\"https:\/\/bo-unterwegs.ch\/?page_id=40\">Kontakt aufnehmen<\/a><\/div>\n<\/div>\n\n\n\n<p><\/p>\n","protected":false},"excerpt":{"rendered":"<p>\u00dcber mich Bed\u00fcrfnisorientierte Verhaltensberatung bedeutet f\u00fcr mich, Hunde und Menschen ganzheitlich zu begleiten \u2013 individuell, achtsam und alltagsnah. Mir ist wichtig, Verhalten nicht isoliert zu betrachten, sondern den Alltag, die Bed\u00fcrfnisse und die Beziehung zwischen Mensch und Hund miteinzubeziehen. Ich begleite Teams achtsam und bed\u00fcrfnisorientiert \u2013 mit Verst\u00e4ndnis, Ruhe und einem Blick auf das Ganze&#8230;.<\/p>\n","protected":false},"author":1,"featured_media":0,"parent":0,"menu_order":0,"comment_status":"closed","ping_status":"closed","template":"","meta":{"_kad_post_transparent":"","_kad_post_title":"hide","_kad_post_layout":"","_kad_post_sidebar_id":"","_kad_post_content_style":"","_kad_post_vertical_padding":"","_kad_post_feature":"","_kad_post_feature_position":"","_kad_post_header":false,"_kad_post_footer":false,"_kad_post_classname":"","footnotes":""},"class_list":["post-26","page","type-page","status-publish","hentry"],"_links":{"self":[{"href":"https:\/\/bo-unterwegs.ch\/index.php?rest_route=\/wp\/v2\/pages\/26","targetHints":{"allow":["GET"]}}],"collection":[{"href":"https:\/\/bo-unterwegs.ch\/index.php?rest_route=\/wp\/v2\/pages"}],"about":[{"href":"https:\/\/bo-unterwegs.ch\/index.php?rest_route=\/wp\/v2\/types\/page"}],"author":[{"embeddable":true,"href":"https:\/\/bo-unterwegs.ch\/index.php?rest_route=\/wp\/v2\/users\/1"}],"replies":[{"embeddable":true,"href":"https:\/\/bo-unterwegs.ch\/index.php?rest_route=%2Fwp%2Fv2%2Fcomments&post=26"}],"version-history":[{"count":16,"href":"https:\/\/bo-unterwegs.ch\/index.php?rest_route=\/wp\/v2\/pages\/26\/revisions"}],"predecessor-version":[{"id":88,"href":"https:\/\/bo-unterwegs.ch\/index.php?rest_route=\/wp\/v2\/pages\/26\/revisions\/88"}],"wp:attachment":[{"href":"https:\/\/bo-unterwegs.ch\/index.php?rest_route=%2Fwp%2Fv2%2Fmedia&parent=26"}],"curies":[{"name":"wp","href":"https:\/\/api.w.org\/{rel}","templated":true}]}}